se 7) in base 4?
-12132
Convert 120131 (base 4) to base 6.
11125
What is 15483 (base 13) in base 7?
225402
11411 (base 6) to base 12
b67
What is 122210011 (base 3) in base 2?
11001010100100
Convert -9977 (base 13) to base 14.
-7b20
What is -100111100110 (base 2) in base 11?
-19a4
What is 2132210 (base 4) in base 14?
39ac
What is -1e6 (base 15) in base 7?
-1200
What is -101110111000111 (base 2) in base 14?
-8a6b
-19e3 (base 16) to base 6
-50403
What is 2002113 (base 4) in base 6?
102343
What is -4115 (base 10) in base 7?
-14666
12436 (base 7) to base 12
1aba
12131233 (base 4) to base 6
322331
Convert -54c4 (base 13) to base 10.
-11821
26326 (base 8) to base 10
11478
What is ede (base 16) in base 12?
2252
Convert -1147 (base 14) to base 11.
-2290
What is 1930 (base 10) in base 14?
9bc
-669 (base 11) to base 10
-801
Convert 100a (base 12) to base 8.
3312
Convert -186 (base 12) to base 14.
-138
60c8 (base 14) to base 2
100000100000000
What is -203312 (base 6) in base 10?
-16316
-1105 (base 7) to base 3
-112201
Convert -243332 (base 7) to base 9.
-66832
What is -21233 (base 4) in base 7?
-1550
62441 (base 8) to base 15
7a0e
Convert -14577 (base 9) to base 15.
-2e37
What is 1298 (base 11) in base 6?
11440
a7a (base 13) to base 12
1053
What is 20440 (base 6) in base 2?
101011001000
What is -274c9 (base 13) in base 10?
-73342
What is -14651 (base 7) in base 11?
-30a0
Convert -521 (base 9) to base 3.
-120201
What is -1052 (base 6) in base 9?
-305
1011011011101 (base 2) to base 10
5853
Convert 2120012 (base 3) to base 11.
1449
What is 10d6 (base 15) in base 10?
3576
Convert -b0a (base 13) to base 10.
-1869
What is 103541 (base 6) in base 5?
234004
What is -85 (base 9) in base 4?
-1031
Convert -17a53 (base 11) to base 5.
-1301401
Convert -20b (base 14) to base 3.
-112221
What is 4556 (base 9) in base 2?
110100101100
Convert -103212 (base 5) to base 6.
-24245
What is 1302130 (base 4) in base 16?
1c9c
Convert -4f2 (base 16) to base 14.
-666
What is 55544 (base 8) in base 2?
101101101100100
-31002 (base 5) to base 12
-11aa
What is 49e8 (base 16) in base 13?
87c5
658 (base 9) to base 13
326
Convert b06 (base 13) to base 15.
845
Convert ab0 (base 14) to base 8.
4102
3233 (base 6) to base 8
1345
Convert aa35 (base 11) to base 9.
21865
-1717 (base 10) to base 6
-11541
-5408 (base 10) to base 2
-1010100100000
-104130 (base 8) to base 5
-2104104
-1854 (base 10) to base 3
-2112200
Convert 120122 (base 3) to base 2.
110100110
183 (base 12) to base 8
363
1001011001010 (base 2) to base 4
1023022
Convert 3450 (base 11) to base 10.
4532
Convert -122201011 (base 3) to base 7.
-52432
What is 101012 (base 3) in base 10?
275
What is 560 (base 7) in base 16?
11f
3fe (base 16) to base 8
1776
Convert 100001111 (base 2) to base 14.
155
Convert -313 (base 9) to base 8.
-377
What is -277b (base 13) in base 5?
-140204
-207 (base 15) to base 4
-13021
-411 (base 7) to base 5
-1304
What is 3301130 (base 4) in base 16?
3c5c
What is 2143 (base 6) in base 11?
410
What is bc (base 13) in base 2?
10011011
110100101010011 (base 2) to base 6
324455
What is -719 (base 10) in base 14?
-395
What is 622 (base 9) in base 14?
282
What is 1135 (base 9) in base 6?
3522
Convert -100001111000 (base 2) to base 14.
-b0c
Convert -360 (base 11) to base 16.
-1ad
1253 (base 8) to base 6
3055
What is -50344 (base 7) in base 3?
-121201021
What is -223 (base 4) in base 9?
-47
Convert -797 (base 12) to base 13.
-685
What is -787 (base 14) in base 15?
-696
211201211 (base 3) to base 16
40bd
-51336 (base 7) to base 8
-30352
What is 30410 (base 6) in base 3?
12112120
Convert 32714 (base 9) to base 4.
11103121
Convert -15323 (base 7) to base 13.
-1c43
Convert 1001011101101 (base 2) to base 8.
11355
Convert -9462 (base 15) to base 16.
-7a87
What is -2122020220 (base 3) in base 13?
-1a84a
What is -20012 (base 3) in base 14?
-bd
What is -5151 (base 12) in base 11?
-6711
Convert 10010111010010 (base 2) to base 14.
3758
What is 27d (base 14) in base 2?
111110111
What is -32221 (base 5) in base 15?
-9ab
Convert e43a (base 15) to base 7.
260353
What is 502 (base 8) in base 3?
102221
-2024030 (base 5) to base 16
-80f7
Convert 11300 (base 4) to base 14.
1c4
31000 (base 4) to base 11
697
Convert -58 (base 10) to base 6.
-134
2223223 (base 4) to base 11
8289
197 (base 11) to base 4
3203
222 (base 10) to base 3
22020
Convert -712 (base 12) to base 16.
-3fe
Convert 194 (base 12) to base 15.
121
What is 13a (base 11) in base 4?
2210
-10011001001101 (base 2) to base 15
-2d8a
What is -13a (base 15) in base 2?
-100011000
Convert 3a (base 14) to base 16.
34
What is 432 (base 7) in base 9?
263
Convert 1ab (base 12) to base 11.
230
1212020220 (base 3) to base 5
2133021
Convert -bab (base 12) to base 10.
-1715
47 (base 8) to base 16
27
What is -11010001100100 (base 2) in base 12?
-7918
-1312330 (base 5) to base 2
-110010101101101
Convert 1100010000111110 (base 2) to base 16.
c43e
Convert 6071 (base 12) to base 13.
49b1
2445 (base 6) to base 11
500
What is -225 (base 6) in base 5?
-324
What is -591a (base 12) in base 5?
-304313
What is 972 (base 13) in base 15?
729
What is -670 (base 12) in base 16?
-3b4
Convert 202122101 (base 3) to base 16.
3ac9
316200 (base 7) to base 13
1c041
What is 107 (base 13) in base 2?
10110000
11204 (base 8) to base 6
33540
-1121011201 (base 3) to base 10
-31474
Convert -4eb (base 16) to base 2.
-10011101011
122 (base 8) to base 3
10001
Convert 1143004 (base 5) to base 6.
244045
Convert -10136 (base 7) to base 11.
-1952
What is -8d4 (base 14) in base 3?
-2101222
Convert -829 (base 16) to base 14.
-a93
What is 110001110111100 (base 2) in base 5?
1304112
Convert -25a7 (base 14) to base 7.
-25200
Convert -2b8 (base 16) to base 14.
-37a
What is -3220000 (base 4) in base 6?
-152424
What is 9608 (base 14) in base 4?
12110120
db1 (base 15) to base 9
4214
-1142 (base 15) to base 16
-e4e
What is -22333211 (base 4) in base 12?
-22085
Convert -4976 (base 10) to base 12.
-2a68
Convert 4077 (base 9) to base 16.
baa
110010010 (base 2) to base 12
296
4c32 (base 13) to base 4
2221221
8a6 (base 11) to base 6
5004
What is 32b0 (base 14) in base 16?
224a
19109 (base 11) to base 10
26750
What is -4a73 (base 11) in base 7?
-25166
What is -4021 (base 7) in base 3?
-1220101
Convert 18c (base 13) to base 10.
285
-12037 (base 8) to base 7
-21006
Convert -20302 (base 4) to base 2.
-1000110010
-23302 (base 4) to base 7
-2125
What is 1111110101 (base 2) in base 15?
478
-4014 (base 15) to base 6
-142331
What is -240 (base 5) in base 13?
-55
Convert -25 (base 14) to base 7.
-45
Convert -525050 (base 6) to base 11.
-29aa1
Convert 85a9 (base 11) to base 5.
330442
Convert 6b4 (base 13) to base 10.
1161
1894 (base 13) to base 3
12000221
What is 249 (base 14) in base 7?
1222
What is 5bd1 (base 16) in base 13?
a911
Convert 6307 (base 12) to base 14.
3d1d
Convert 63041 (base 7) to base 5.
443324
What is 3300 (base 4) in base 16?
f0
What is 13230 (base 9) in base 8?
21351
Convert 3007 (base 8) to base 5.
22133
Convert -42c (base 14) to base 2.
-1100111000
What is 300303 (base 4) in base 6?
22243
-345013 (base 6) to base 5
-1421401
What is 34044 (base 5) in base 15?
a9e
Convert -4a6 (base 13) to base 7.
-2240
-3041 (base 5) to base 4
-12030
291 (base 10) to base 5
2131
7e2 (base 16) to base 10
2018
-1014201 (base 6) to base 4
-23323321
Convert 16996 (base 13) to base 8.
124573
6422 (base 10) to base 11
4909
-1231 (base 10) to base 5
-14411
What is -1012 (base 6) in base 10?
-224
What is -2033133 (base 4) in base 10?
-9183
112212 (base 3) to base 14
209
What is 293 (base 12) in base 15?
1b9
Convert -152c (base 15) to base 6.
-33010
-9210 (base 12) to base 3
-210202010
3301 (base 4) to base 3
22221
Convert -52a (base 14) to base 6.
-4414
-30403 (base 7) to base 3
-101011011
What is -10302 (base 4) in base 13?
-1a7
Convert -11010000010110 (base 2) to base 12.
-7872
Convert -673 (base 8) to base 13.
-281
What is 5236 (base 12) in base 2?
10001100001010
What is 51 (base 13) in base 7?
123
Convert -1000110010 (base 2) to base 6.
-2334
Convert 223002 (base 4) to base 8.
5302
-1c (base 14) to base 11
-24
-337b (base 14) to base 7
-35014
What is 10a8 (base 16) in base 3?
12211221
Convert -725 (base 15) to base 12.
-b22
8863 (base 9) to base 10
6537
